= 4*u. Is 5 a factor of u?
True
Suppose 0 = -0*y + 4*y - 132. Let d be 6/(-33) + 105/y. Let r(u) = -u**3 + 3*u**2 + 2*u. Is 3 a factor of r(d)?
True
Suppose -2*h - 3*b = -7*h - 9, 2*h + 5*b - 15 = 0. Let r be 1 + h + (-3 - -10). Suppose -24 - r = -4*k. Is 7 a factor of k?
False
Let i = 26 + 58. Is 14 a factor of i?
True
Let a = -2 - -20. Suppose -x - a = -0*x - 4*g, 31 = 3*x + 5*g. Suppose -x*n = n + 15, 4*t = -2*n + 150. Is t a multiple of 20?
True
Let t(a) = a**3 - 6*a**2 + 5*a + 2. Let x be t(4). Is 15 a factor of x*(-1)/(-2)*-3?
True
Let b be (-3)/(2 + (-61)/29). Let m = b - 20. Does 3 divide m?
True
Let j be 4 - (-4 + 0 + 2). Let u be (0 - 2)/((-1)/j). Is 123/u + (-1)/4 a multiple of 10?
True
Let l be 84/(-35) - 2/(-5). Is 3 a factor of (l - 15/(-6))*10?
False
Suppose x - 3*x = -98. Let l = 95 - x. Does 23 divide l?
True
Let g(p) = -5*p**2 - 33*p - 18. Let v(r) = -2*r**2 - 11*r - 6. Let z(k) = -3*g(k) + 8*v(k). Let m = 21 + -12. Is 12 a factor of z(m)?
True
Does 15 divide 4 - 6 - (-1 - -2 - 18)?
True
Is 11 a factor of 52/4 - 2 - -1?
False
Let m(h) = 0 + 0*h - 1 - 2*h - 3. Let c be m(-3). Suppose c*f = 6*f - 136. Does 14 divide f?
False
Let d = 3 + -3. Suppose 3*z = -d*l + 4*l - 15, -2*z = 3*l + 10. Suppose l = -2*o - v + 13, -2*o + v = o - 27. Does 8 divide o?
True
Suppose v - 4*w = 5*v - 40, 2*w + 22 = 4*v. Is 6 a factor of v?
False
Let u be 6/15 - (-13)/5. Suppose 4*o - u = 129. Is 12 a factor of o?
False
Suppose 3*s - 18 = -3*r, 0 = -9*r + 4*r + s + 12. Let q(o) = -o**r + 2 + 0*o**2 - 5*o**2 - 6*o - 4*o**2 - 3*o. Does 10 divide q(-8)?
True
Let t(x) = 3*x**2 - x - x**2 - 3 + 4 + 0. Let n be t(1). Suppose 2*q + 3*j = 43, -n*q + 0*j + 42 = 2*j. Does 10 divide q?
True
Let w be 0/6 - 26/(-2). Let p = -7 + w. Let r(d) = -d**2 + 11*d - 4. Is 13 a factor of r(p)?
True
Let t be (-1)/4 + 738/8. Is 5 a factor of (t/(-8))/((-2)/4)?
False
Let b(g) = g**3 - 11*g**2 + 10*g + 2. Let y be b(10). Suppose -2*z + c - 72 = 0, y*c + 22 = 3*z + 130. Is 5 a factor of z/10*15/(-6)?
False
Let i(n) = n - 5. Let r be i(7). Suppose r*u = 7*u - 110. Does 11 divide u?
True
Suppose 0 = 5*r + 4*t + 41 - 245, -2*r + 2*t = -78. Is 4 a factor of r?
True
Suppose -2*c + r = -13, 5*c - 29 = r - 1. Suppose -100 = t - c*t. Is 5 a factor of t?
True
Let g(j) = -j**3 - 8*j**2 - 3*j + 3. Let h = -12 - -4. Does 9 divide g(h)?
True
Let a(p) = p**3 + 7*p**2 - 8*p - 1. Let y be a(-8). Let l(r) = -36*r + 2. Is 8 a factor of l(y)?
False
Suppose f + f = 36. Suppose 5*h - 137 = f. Is h a multiple of 9?
False
Does 13 divide (-12)/18 - 80/(-3)?
True
Let s be -22*1/(-2) - 2. Let i = s - -20. Is i a multiple of 14?
False
Let f = -4 - -168. Is f a multiple of 24?
False
Let u be 0 + 0 - 9/(-3). Suppose -4*m = -c - 2, 2*m = -4*c - u + 13. Suppose -3*w - v + 120 = 0, -3*w - 4 = c*v - 121. Is w a multiple of 15?
False
Let h be 424/(-6) + 4/6. Let z be (-9)/12 - h/8. Suppose -x = -4 - z. Does 6 divide x?
True
Let q(v) = 2 - 2*v**3 + 0*v**2 + v + v**2 - 2*v. Suppose 0 = s + 4*x - 2, x - 1 = -0*x. Is q(s) a multiple of 12?
True
Let s = -2 + 25. Let b(i) = -14*i. Let w be b(-1). Let p = s - w. Is 5 a factor of p?
False
Let l = 90 - 42. Is l a multiple of 14?
False
Let a(m) = m + 12. Let s be a(0). Suppose s = 4*p + 4. Does 19 divide p/1 - (-17)/1?
True
Suppose -2*t + 83 = -101. Does 23 divide t?
True
Suppose 3*f + 24 = n + 4*n, 2*f - 9 = -5*n. Let m(v) = v - 1. Let s be m(6). Suppose -3*g + 15 = 0, -s*g - 15 = -n*k - 2*g. Does 10 divide k?
True
Let x(u) = -4*u**2 - u + 1. Let k(n) = -3*n**2 + 2. Let z(r) = -3*k(r) + 2*x(r). Is 13 a factor of z(6)?
False
Suppose -5*t - 820 = 85. Let z = -100 - t. Is 27 a factor of z?
True
Let o(s) = 12*s**2 - 2*s + 3. Let i(r) = -r - 4. Let a be i(-6). Does 13 divide o(a)?
False
Let h = 11 - 6. Suppose 49 = 4*x - m, 2*x + 3*m + 30 = 5*x. Suppose 3*p = h + x. Is 3 a factor of p?
True
Suppose 7*a + 350 = 12*a. Is a a multiple of 14?
True
Suppose -55 = 4*s + y, -3*s + 5*y - 24 = -0*s. Let n = s + 22. Is 7 a factor of (21/4)/(n/24)?
True
Suppose 2*r + 5*v - 301 = 0, -4*r - 4*v + 572 = -0*v. Is r a multiple of 47?
False
Let c = 356 + -235. Suppose 0 = g - 4*g - 4*f + 68, -c = -5*g + f. Does 12 divide g?
True
Let v(n) = 14*n - 39. Is v(9) a multiple of 7?
False
Let z(y) = -y**2 - 8*y - 5. Let c be z(-7). Let t be 0 + (0/c)/3. Suppose w + w - 68 = t. Is 12 a factor of w?
False
Let t(v) = -v**2 + 8*v + 2. Does 3 divide t(7)?
True
Let d(o) = -2*o**3 - 2*o**2 + 3*o + 2. Let p be 1/(3/2 + -1). Let a be (-2 + -1)/(3/p). Is d(a) a multiple of 2?
True
Suppose -5*u - 4*t = -u, 4*t + 15 = u. Suppose 0*p = -u*p. Suppose 0 = z - p*z - 14. Is 7 a factor of z?
True
Suppose 2*j - 95 = -5*m, -2*m - 4 = -5*j - 13. Let n = 28 - m. Does 11 divide n?
True
Suppose -2*s - 3*w = -42, 5*s + 0*s - 105 = -w. Let t be (-12)/(2 - 48/s). Suppose 0 = -2*a - 0*a + t. Is a a multiple of 7?
True
Is 785/9 - 12/54 a multiple of 10?
False
Let o(p) = -6*p - 4. Let x be o(-3). Suppose 4*m - 30 = x. Is 6 a factor of m?
False
Suppose 22 = 2*f + 5*p, -4*p - 7 = 9. Let o = -11 + f. Is o a multiple of 10?
True
Let r(z) = 4*z - 2*z + 1 - 3*z**3 + 10*z**2 - 12*z. Let n(d) = -4*d**3 + 11*d**2 - 10*d + 2. Let b(q) = -4*n(q) + 5*r(q). Is 18 a factor of b(-7)?
True
Suppose y + 17 = -a, 3*a = -y - a - 29. Let i = 3 + y. Let k = -5 - i. Is 5 a factor of k?
True
Suppose t = -5*n + 8, 0*t + 10 = -2*n + 4*t. Is n/(-4) + (-822)/(-24) a multiple of 27?
False
Let v be -2*-2*3/3. Let i = 17 - v. Is 13 a factor of i?
True
Let b = -4 + 9. Suppose 18 = -b*t + 73. Is t a multiple of 11?
True
Let g = -38 + 151. Let j = g + 117. Suppose j = -3*x + 8*x. Is 17 a factor of x?
False
Let u = 150 - -14. Does 14 divide u?
False
Suppose -4*j - j = -130. Suppose 0 = 3*h - 45 + 9. Let l = j - h. Is 7 a factor of l?
True
Let x = -11 - -7. Is 38/x*(-5 + 3) a multiple of 12?
False
Let k be 1 - (53 + 3 - 1). Let h = -11 - k. Does 16 divide h?
False
Suppose 5*o = 15, 3*o + 8 = 5*f + 2. Suppose -f*j = -p - 3*p - 24, 5*p = -2*j - 7. Does 2 divide (-4)/(-16) - (-19)/j?
False
Suppose -13 = -3*j - 4. Let h(o) = 6*o + 1. Does 6 divide h(j)?
False
Let m(a) = 0*a - 2*a + 3 - 2 - 3. Let x be m(-2). Suppose 52 = x*y - 0*y. Is y a multiple of 13?
True
Suppose 6*b - 3*b = 153. Is 17 a factor of b?
True
Let x = 103 - 59. Does 11 divide x?
True
Let z(g) = 2*g**3 + 9*g**2 - g - 5. Is 3 a factor of z(-4)?
True
Let t = 153 - -35. Is t a multiple of 47?
True
Let w = -26 - -63. Does 15 divide w?
False
Suppose -6*n + 3*n = 0. Suppose n = -i + 21 + 15. Is i a multiple of 30?
False
Suppose 5*l + 3*n = -115 + 361, -n = 5*l - 242. Suppose -p = -0*p - l. Does 8 divide p?
True
Suppose -3*j = 5*l - 258, -2*j - 2*l + 176 = -0*l. Does 13 divide j?
True
Suppose d + 0 = 6. Let x(c) be the first derivative of 3*c**2/2 - 4*c - 9. Is 6 a factor of x(d)?
False
Let t(i) = -11*i**2 - 3 + 3*i**3 + 16*i**2 - 2*i**3. Is 6 a factor of t(-4)?
False
Suppose 0*m = -m + 3. Suppose 0 = -3*i + 9 - m. Suppose -x - 3*r - i = 0, 4 - 50 = -3*x + 4*r. Does 7 divide x?
False
Suppose 5 = 4*f - 7. Suppose f*x - 98 = -38. Is x a multiple of 7?
False
Let p = 22 + -40. Is 17 a factor of (p + 1)*(0 + -1)?
True
Let x be 129/9*3 + -3. Suppose 9*n - 5*n - x = 0. Is (-6)/(-4) - (-75)/n a multiple of 6?
False
Let h(x) = -4*x**2 - 11*x - 12. Let l(m) = m**2. Let i(g) = -h(g) - 3*l(g). Let t be i(-10). Suppose -t*c + 87 = c - 3*o, 3 = o. Does 10 divide c?
False
Let y be -7*(23*-1)/1. Let c be -109 + (-1 - -4 - 1). Let i = c + y. Does 19 divide i?
False
Let z(l) = l**3 + 8*l**2 + 7*l + 6. Let c be z(-7). Suppose -t - 3*q + 64 = 0, t - c*t + 266 = -3*q. Does 14 divide t?
False
Suppose -l - 36 = -7. Let f = l + 51. Does 22 divide f?
True
Let n(m) = m**2 + 1. Let p be n(1). Suppose y = -p*y + 42. Is 7 a factor of y?
True
Suppose -3*a - 2*m - 813 = -8*a, -318 = -2*a - m. Does 23 divide a?
True
Is 6 a factor of ((-36)/(-6))/(2/10)?
True
Suppose 132 = 2*n - 12. Suppose 2*s - n = -s. Does 12 divide s?
True
Let k = 93 - 54. Does 13 divide k?
True
Let g(f) = 0*f**3 - f + 13*f**2 - 5*f**2 - 6*f - f**3. Let n be g(7). Suppose n*s + 2*s = 60. Does 11 divide s?
False
Is 16 a factor of 1*(7 + -4)*13?
False
Let d = 6 - 7. Let o(j) be the third derivative of 17*j**5/20 + j**4/12 + j**3/6 + j**2. Is 25 a factor of o(d)?
True
Let